{"id":355,"date":"2018-09-02T17:37:55","date_gmt":"2018-09-02T14:37:55","guid":{"rendered":"http:\/\/dsm-platform.com\/?page_id=355"},"modified":"2020-11-13T11:25:35","modified_gmt":"2020-11-13T08:25:35","slug":"hakkimizda","status":"publish","type":"page","link":"https:\/\/dsm-platform.com\/index.php\/hakkimizda\/","title":{"rendered":"<strong>HAKKIMIZDA<\/strong>"},"content":{"rendered":"<div id=\"pl-355\"  class=\"panel-layout\" ><div id=\"pg-355-0\"  class=\"panel-grid panel-no-style\" ><div id=\"pgc-355-0-0\"  class=\"panel-grid-cell\" ><div id=\"panel-355-0-0-0\" class=\"so-panel widget widget_text panel-first-child panel-last-child\" data-index=\"0\" >\t\t\t<div class=\"textwidget\"><p>M\u00fc\u015fteri memnuniyetini daima \u00f6n planda tutarak portf\u00f6y\u00fcn\u00fc g\u00fczel bir \u015fekilde sergilemi\u015ftir.<\/p>\n<p>Firmalara kiral\u0131k makas hizmeti sa\u011flayarak sekt\u00f6rde ad\u0131n\u0131 sa\u011flamla\u015ft\u0131rm\u0131\u015ft\u0131r.\u015euan bile bir\u00e7ok firmay\u0131 referanslar\u0131 aras\u0131na katmaktad\u0131r.<\/p>\n<p>\u0130\u015f ve ticaret ahlak\u0131 i\u00e7erisinde kiral\u0131k vin\u00e7,sepetli kiral\u0131k vin\u00e7,kiral\u0131k sepetli platform vb. hizmetleri m\u00fc\u015fterileri i\u00e7in kesintisiz ger\u00e7ekle\u015ftirmektedir.<\/p>\n<p>Ayl\u0131k, g\u00fcnl\u00fck, saatlik makas kiralama hizmetlerini size en kolay ve en cazip fiyatlarla sunman\u0131n kolayl\u0131\u011f\u0131n\u0131 her zaman kendine ilke edinmi\u015f firmam\u0131z DSM PLATFORM size art\u0131k bir telefon kadar yak\u0131n.<\/p>\n<\/div>\n\t\t<\/div><\/div><\/div><\/div>","protected":false},"excerpt":{"rendered":"<p>M\u00fc\u015fteri memnuniyetini daima \u00f6n planda tutarak portf\u00f6y\u00fcn\u00fc g\u00fczel bir \u015fekilde sergilemi\u015ftir. Firmalara kiral\u0131k makas hizmeti sa\u011flayarak sekt\u00f6rde ad\u0131n\u0131 sa\u011flamla\u015ft\u0131rm\u0131\u015ft\u0131r.\u015euan bile [&hellip;]<\/p>\n","protected":false},"author":1,"featured_media":0,"parent":0,"menu_order":0,"comment_status":"closed","ping_status":"closed","template":"page-templates\/full-width.php","meta":[],"_links":{"self":[{"href":"https:\/\/dsm-platform.com\/index.php\/wp-json\/wp\/v2\/pages\/355"}],"collection":[{"href":"https:\/\/dsm-platform.com\/index.php\/wp-json\/wp\/v2\/pages"}],"about":[{"href":"https:\/\/dsm-platform.com\/index.php\/wp-json\/wp\/v2\/types\/page"}],"author":[{"embeddable":true,"href":"https:\/\/dsm-platform.com\/index.php\/wp-json\/wp\/v2\/users\/1"}],"replies":[{"embeddable":true,"href":"https:\/\/dsm-platform.com\/index.php\/wp-json\/wp\/v2\/comments?post=355"}],"version-history":[{"count":11,"href":"https:\/\/dsm-platform.com\/index.php\/wp-json\/wp\/v2\/pages\/355\/revisions"}],"predecessor-version":[{"id":1091,"href":"https:\/\/dsm-platform.com\/index.php\/wp-json\/wp\/v2\/pages\/355\/revisions\/1091"}],"wp:attachment":[{"href":"https:\/\/dsm-platform.com\/index.php\/wp-json\/wp\/v2\/media?parent=355"}],"curies":[{"name":"wp","href":"https:\/\/api.w.org\/{rel}","templated":true}]}}